3 + 7*d**2 + d - 7. Let a be q(7). Let p = a - c. What is the units digit of p?
2
Let h = 10 + -7. Suppose -h*g = -g, -2*c - 4*g + 4 = 0. What is the units digit of c?
2
Let c = -16 + 75. What is the units digit of c?
9
Let x(w) = -w - 14. Let r be x(0). Let k be ((-6)/7)/((-2)/r). Let h(c) = -c**3 - 6*c**2 - 3*c - 7. What is the tens digit of h(k)?
1
Let y(z) = -z + 12. Let b be y(-12). Let a = b - 14. What is the units digit of a?
0
Let a = 24 + -34. Let l be (6/a)/(1/(-5)). Suppose -2*u + 3*u + 10 = -4*f, -1 = 4*u + l*f. What is the units digit of u?
2
Suppose 4*k - 92 = -24. Suppose -f + w + k = -3*w, 0 = 3*f + w - 12. What is the units digit of f?
5
Let o(q) = q**2 - 9. What is the tens digit of o(9)?
7
Let d(n) = n**2 - 6*n + 7. Let j be d(4). Let k = 7 - 4. Let a = j + k. What is the units digit of a?
2
Let f be 0/(2 + 3/(-1)). Suppose 0 = -f*p - 2*p + 48. What is the units digit of p?
4
Suppose 7*q + 133 = j + 3*q, -5*j = -q - 722. What is the hundreds digit of j?
1
Let u(l) = -l - 5. Let a be (8 - (-2 - 1))/(-1). What is the units digit of u(a)?
6
Suppose -r + 6*r = 0. Suppose r = -3*a + 6, 3*p = -3*a + 2 + 22. What is the units digit of p?
6
Let c = -42 + 84. What is the tens digit of c?
4
Suppose 15 + 266 = -3*x - 5*b, -3*x = -5*b + 271. What is the units digit of ((-9)/(-6))/((-6)/x)?
3
What is the units digit of (-2)/(-2)*(-11)/(55/(-90))?
8
Let r = 36 + -26. Let t be (-4)/(-10) - 24/r. What is the units digit of -1 - 1 - -4 - t?
4
Let a(b) = -b**3 + 14*b**2 + 16*b - 6. What is the units digit of a(15)?
9
Let n(o) = o**3 + 3*o**2 - 6*o - 6. Let t be n(-4). Let c be t + 4 + 2/(-1). Suppose c*j = -3*h + 11, h + 2 = j + 1. What is the units digit of h?
1
Let k(l) = l + 0 + 8*l**2 + 1 - l**3 - 2. Suppose -3*w + 49 = 5*g, 6*g = -w + 2*g + 28. What is the units digit of k(w)?
7
Suppose 0 = 2*p - 107 - 1. What is the units digit of p?
4
Suppose 7*v = 2*v + 90. What is the tens digit of v?
1
Suppose 2*h = 5*z + 14, z + 0*z + 4 = h. What is the units digit of h?
2
Let n(v) = 15*v. Let x be n(3). Suppose -3*r + 2*g = -26 - 9, 0 = -3*r - 3*g + x. What is the tens digit of r?
1
Suppose -53 = -5*x + 2*a - 2, -4*x + 48 = -4*a. Let s = -6 + x. What is the units digit of s?
3
Suppose -4*w = -18 - 38. What is the units digit of w?
4
Suppose -2*i + 0 - 4 = -3*q, -4*q + 4*i + 4 = 0. Suppose -q = -2*w + 2. What is the units digit of w?
2
Let q(h) = -h**2 - 14*h + 4. What is the units digit of q(-12)?
8
Let l = 13 + -7. Let x be (2 + 4/(-3))*-21. What is the tens digit of l/(-21) + (-144)/x?
1
Suppose 0*x + 3*x - k = 388, -4*x + 5*k + 532 = 0. What is the hundreds digit of x?
1
Let l = 8 - -48. What is the tens digit of l?
5
Let c(o) = -o**2 + 7*o - 3. Let i be c(6). Suppose 7 = -i*x - 5. Let p = 5 + x. What is the units digit of p?
1
Suppose -2*h - 6 = -3*o - 24, 14 = -5*o - 2*h. What is the tens digit of (-11 + 13)*(-34)/o?
1
Suppose 2*l - 16 = -2*l. Let b be (-10)/l*12/(-2). What is the units digit of 34/4 - b/10?
7
Let y(u) = -u**2 + 4*u - 1. Let p be y(3). What is the tens digit of 364/10 + p/(-5)?
3
Suppose 2*w = -2*w + 36. What is the units digit of w?
9
Let k be -1 + 3*8 + 0. Let z = 6 + k. What is the units digit of z?
9
Suppose 3*f + 435 = 8*f. Suppose -w = 2*w - f. What is the tens digit of w?
2
Let q be 75/(-2)*12/(-18). Suppose 5*i = 3*g - 35, 5*g - 70 = 5*i - q. What is the units digit of (i + 1)/3 - -5?
4
Let d = 62 + -3. What is the tens digit of d?
5
Let p(a) = 14*a**2 + 5*a - 37. What is the tens digit of p(4)?
0
Suppose -3*m + 780 = 2*m. What is the tens digit of m?
5
Suppose 2*a + 10 = 2*q, 5*a = -4 - 1. Suppose 2*c + 4 - 12 = 0, 3*h - q*c = 29. What is the tens digit of h?
1
Suppose -5*z + 13 + 7 = 0. Suppose -z*u - 50 = u. What is the units digit of (-42)/u - 1/5?
4
Let b(n) = -n**3 + 6*n**2 - n. What is the tens digit of b(5)?
2
Let t(o) be the first derivative of -o**2/2 - 6*o + 2. Let w be t(-9). Suppose 2*k - 15 = -w*k. What is the units digit of k?
3
Suppose -3*f + 5*f - 32 = 0. Suppose f = -4*n + 5*n. What is the tens digit of n?
1
Let j(u) = -u**2 + 7*u + 7. Suppose -3*a - 5*s - 29 = a, 3*a + 3*s = -18. Let h be (-1 - -6) + 1 + a. What is the units digit of j(h)?
7
Let b(j) = -3*j**2 + 49*j + 8. What is the hundreds digit of b(7)?
2
Let b be (((-18)/(-3))/2)/1. Suppose -b*y + 9 + 3 = 0. Suppose 0 = y*j - 12 - 12. What is the units digit of j?
6
Let y = -34 + 49. Let m = y + -11. What is the units digit of m?
4
Let b(q) = -q**2 - 6*q - 5. Let c be b(-5). Suppose -3*n + 6 = -c*n. Suppose 2*f - 16 = -2*y, n*f - 5*f + 18 = 2*y. What is the units digit of y?
6
Suppose 1 + 7 = 4*t. Let l be t*1/(2/4). Suppose -l*i - 3*a + 70 = -a, -4*a + 4 = 0. What is the units digit of i?
7
Let o(b) = b**2 + 6*b - 4. Let l(a) = -2*a + 17. Let f be l(12). Let q be o(f). Suppose 4*x - 2 = q*x. What is the units digit of x?
2
Suppose -4*f - 2 = 2. What is the units digit of f - (-1 - 1) - -8?
9
Let o = 69 + -49. What is the tens digit of o?
2
Let c be (0 + 1 - 0) + -1. Suppose -y - 5*u - 22 = c, -y - y - 14 = 4*u. Suppose -k + 6 = -y. What is the units digit of k?
9
Let c(s) = -s**3 + 6*s**2 - 5*s + 7. What is the units digit of c(5)?
7
Let y(n) = -2*n - 3. Let b be y(-2). What is the units digit of -2*1/b + 12?
0
Let c(x) = -x**2 - x - 1. Let t be c(-3). Suppose 0 = 5*f - 5*g - 65, -5*f + 69 = -0*f - g. Let z = t + f. What is the units digit of z?
7
Let p(a) = -a**3 + 10*a**2 - 8*a - 6. Let i be p(9). Suppose d - i = 9. What is the tens digit of d?
1
Let k be (-384)/(-66) + (-2)/(-11). Let y = 6 - k. What is the tens digit of (-2 - -14) + 1 + y?
1
Suppose 0*v = 2*v + 60. Let i be (-1 - v/8)*8. What is the units digit of (-4)/(-16) + i/8?
3
Let j(w) = -2*w - 7. Let n be j(-6). Suppose -3*s = -n*s + 10. Suppose -s*d = 2*q - 39, -3*d + 6 = -d - 4*q. What is the units digit of d?
7
Suppose -2*d = d - 87. What is the units digit of d?
9
Suppose -2*a - 206 = -5*f, 3*f - 3*a - 129 = -0*a. Let t = -25 + f. What is the tens digit of t?
1
Let b(q) = -q. Let t be b(-2). Suppose i + 4*d - 23 = 0, t*i = -2*i - 3*d + 27. What is the units digit of 3 - i*6/9?
1
Suppose -14*u + 9*u = -30. What is the units digit of u?
6
Let a be 105/2*12/10. Suppose -2*s + a = s. What is the units digit of s?
1
Suppose 2*h - 2*t - 60 = -6*t, -t - 147 = -4*h. Let y = -69 - -72. What is the units digit of (4/8)/(y/h)?
6
Let w = -3 + 7. Let x = 7 - w. Suppose -4*f + 4 = -5*j, x*f + j - 3 = -4*j. What is the units digit of f?
1
Let p(n) = n**2 - 1. Let t(z) = -5*z**2 - 9*z + 11. Let y(i) = 4*p(i) + t(i). Let u be y(-8). Suppose -u = -m - 4. What is the tens digit of m?
1
Let k = 3 - 0. Let o = -5 + k. What is the units digit of (o - -12)*(-3 + 4)?
0
Let s(j) = j**2 + j - 5. Let r be s(0). Let q be 2/r + (-12)/(-5). Suppose -q*o = o - 9. What is the units digit of o?
3
Let k(f) = f**2 - 5*f + 3. Let h be k(0). Let v be (-2)/(1*2) + 13. Suppose z - x = 2*x + v, h*x = -2*z + 24. What is the units digit of z?
2
Let q(n) = -4 + 34 + 8*n**2 + 21*n - 4. Let j(y) = -3*y**2 - 7*y - 9. Let a(r) = 11*j(r) + 4*q(r). What is the units digit of a(7)?
5
Suppose 11 + 13 = 3*q. Suppose -4*a + 12 = -q. What is the units digit of a?
5
Suppose 0 = -2*m + 11*m - 972. What is the tens digit of m?
0
Let z = -223 - -328. What is the hundreds digit of z?
1
Let o(x) = 3*x + 168. What is the units digit of o(0)?
8
Suppose 0 = -2*p + 4 + 8. Suppose c - 42 = -b + p*b, -2*c + 48 = 2*b. What is the tens digit of c?
2
What is the units digit of 4 + (-195)/(-1 + -2)?
9
Suppose 16 = 5*h - 124. Suppose -h = -r - 0*r. What is the tens digit of r?
2
Suppose -5*s = 3*y - 92, -y = 5*s - 0*y - 84. Suppose -2*x = o - 4*x - 16, -4*x = -s. What is the tens digit of o?
2
Let z = -14 - -64. What is the units digit of z?
0
What is the tens digit of (2/1 - 0)/((-2)/(-32))?
3
Suppose -2*v = 4, 0*f - 11 = -5*f - 2*v. Suppose 0 = -2*o + 5*g - 30, 3*g + 0*g - 2 = -2*o. What is the tens digit of 12 + (o - -2) + f?
1
Suppose -19*m = -15*m - 1108. What is the units digit of m?
7
Let x be (1 - 3)*(-21)/3. What is the units digit of (20/x)/((-12)/(-84))?
0
Suppose -2*x = 2*x + 36. Let a = 28 + x. What is the tens digit of a?
1
Let k(j) be the third derivative of j**6/120 - 3*j**5/20 + j**4/24 - j**3 + 8*j**2. What is the units digi